6502243762 - -1?
-6502243761
In base 5, what is 2332340324 - 33?
2332340241
In base 4, what is 13 - -121020010310?
121020010323
In base 9, what is -65 - 7802510?
-7802575
In base 5, what is -10 - -33343214114?
33343214104
In base 12, what is 0 + -49601a?
-49601a
In base 11, what is -2 - 4458a390?
-4458a392
In base 2, what is -111100000001101101001 + 101000?
-111100000001101000001
In base 16, what is 65990e - -5?
659913
In base 4, what is -103230120332020 + 10?
-103230120332010
In base 15, what is 21146 - -c?
21153
In base 9, what is -1160824 - -3?
-1160821
In base 2, what is -1101010110001011 + -10010?
-1101010110011101
In base 3, what is 10110222212 - 11120?
10110211022
In base 12, what is -15454364 - -2?
-15454362
In base 2, what is -111100101111101111001 - -100?
-111100101111101110101
In base 8, what is 35570 - -332?
36122
In base 6, what is 144 + -1122543?
-1122355
In base 15, what is -15255 - 17c?
-153d2
In base 16, what is -87fe5 - -1b?
-87fca
In base 11, what is -380119 - -679?
-37a550
In base 2, what is 10110001 - -1110110001000101100000?
1110110001001000010001
In base 8, what is 15306626 + -15?
15306611
In base 11, what is -5 - -2755954?
275594a
In base 3, what is 10001020 + 1100211?
11102001
In base 4, what is 13 - -123230112112?
123230112131
In base 12, what is 84 + -2739b0?
-273928
In base 3, what is -120212201120 + -10?
-120212201200
In base 12, what is 8 + -278987?
-27897b
In base 10, what is 14901263 + 1?
14901264
In base 6, what is 514 - 214520?
-214002
In base 2, what is 1010110110100101110010110 + 11?
1010110110100101110011001
In base 13, what is 16a - -47428?
47595
In base 14, what is 0 + da4221c?
da4221c
In base 8, what is -61350 + -52?
-61422
In base 6, what is -532203 - 4353?
-541000
In base 16, what is 4 - 4f20a65?
-4f20a61
In base 2, what is 1 - -100111111011111111001011?
100111111011111111001100
In base 11, what is -4a68493a - 7?
-4a684946
In base 10, what is -17 + 138211?
138194
In base 15, what is 21 + a1026?
a1047
In base 11, what is -9981500 - -2?
-99814a9
In base 7, what is 21434544 + 5?
21434552
In base 4, what is -302321132021 - 3?
-302321132030
In base 2, what is 101001101110101100 + -100111101?
101001101001101111
In base 14, what is -c4b + -8980?
-97cb
In base 15, what is -1 + 5e9b1?
5e9b0
In base 8, what is -473266 - 2005?
-475273
In base 16, what is 124c3 - 146?
1237d
In base 3, what is -200112 - 10122111?
-11100000
In base 14, what is 0 + d0b2a1?
d0b2a1
In base 2, what is 1011101 - 110100101100001011111?
-110100101100000000010
In base 13, what is -1 - 6bb55?
-6bb56
In base 14, what is -d - 90061?
-90070
In base 11, what is -2333671 + 3?
-2333669
In base 15, what is 16ce757e + 6?
16ce7585
In base 16, what is 4 + 34c22a?
34c22e
In base 3, what is -1010120011 + 221101?
-1002121210
In base 13, what is 0 - 13380392?
-13380392
In base 7, what is 3245350 + 11116?
3256466
In base 7, what is 162 + 3223421?
3223613
In base 7, what is -31225 + 4052?
-24143
In base 4, what is -100002 - 230303221?
-231003223
In base 14, what is -840a24 - -a?
-840a18
In base 3, what is -101000 + 1010101221?
1010000221
In base 5, what is 314102 + -10122?
303430
In base 5, what is 1432 + 11201122?
11203104
In base 14, what is -86 - -5b90b8?
5b9032
In base 12, what is 1680 - 6378b?
-6210b
In base 11, what is 10a849 - 15?
10a834
In base 16, what is -4 + -9e4e09?
-9e4e0d
In base 5, what is 300323412 + 231?
300324143
In base 16, what is 23 + -39d3259?
-39d3236
In base 11, what is 2614046 - 26?
2614020
In base 9, what is -4 + -210205557?
-210205562
In base 9, what is -83372 + 433?
-82838
In base 16, what is 6588 - -1334?
78bc
In base 2, what is -1100110011000 - 100001000010000?
-101101110101000
In base 14, what is 4d6a248 - 3?
4d6a245
In base 15, what is -9 + bc35a?
bc351
In base 6, what is 5 - 4012305411?
-4012305402
In base 7, what is 5 + -2256101112?
-2256101104
In base 15, what is 10791259 + 1?
1079125a
In base 2, what is 1101010011 + -1101111010110011?
-1101101101100000
In base 13, what is b1448 - -45a?
b18a5
In base 3, what is -12 + 111222112011120?
111222112011101
In base 16, what is 1 + 35bbd4b?
35bbd4c
In base 5, what is 13002313 + -4432?
12442331
In base 6, what is 20550350144 + -12?
20550350132
In base 16, what is -e317 + 1295?
-d082
In base 11, what is 931355 + -6?
93134a
In base 4, what is 1233 + -230131120?
-230123221
In base 11, what is 4 - -346a5a55?
346a5a59
In base 5, what is 133221 - 31003140?
-30314414
In base 2, what is 1000100001 - 11101000011011?
-11011111111010
In base 10, what is -4 + 804067?
804063
In base 12, what is -81616 + 25?
-815b1
In base 4, what is 22303231 - -3032?
22312323
In base 7, what is -6305330 - 15?
-6305345
In base 15, what is 59d - 582d?
-5280
In base 10, what is 1081 - -15416?
16497
In base 2, what is 1011101000000100101 + 101011?
1011101000001010000
In base 5, what is -22 + 4414344231?
4414344204
In base 2, what is -101 + 100110000111101111001001?
100110000111101111000100
In base 15, what is -1b526 + -6c?
-1b593
In base 10, what is 131 - -314471?
314602
In base 2, what is -10100111000010011111010 + 11?
-10100111000010011110111
In base 7, what is -302124 + -200?
-302324
In base 16, what is 97b + 1ab0?
242b
In base 3, what is 110202120 - 10120?
110122000
In base 8, what is -2363 - 32705?
-35270
In base 11, what is -16a93 - 1714?
-186a7
In base 6, what is -43234131202 + -3?
-43234131205
In base 10, what is -24 + 5063452?
5063428
In base 6, what is 1 - -31402030030?
31402030031
In base 14, what is 7c5468 + 5?
7c546d
In base 16, what is -230 + 1601c?
15dec
In base 2, what is 100011000011 + 11011000101000?
11111011101011
In base 2, what is -101 + -1111110111001010111111110110?
-1111110111001010111111111011
In base 8, what is -372471 + -43?
-372534
In base 6, what is 121524 + 12451?
134415
In base 13, what is 48333 - 55?
482ab
In base 8, what is 3353065 - -14?
3353101
In base 14, what is 1036894 + 0?
1036894
In base 6, what is -1014535325 - -31?
-1014535254
In base 4, what is -2 + 1113332230212?
1113332230210
In base 8, what is 72757 + -67?
72670
In base 3, what is 1202121221011 + -2111?
1202121211200
In base 14, what is 17 - -2d56d0?
2d5707
In base 16, what is 3 - -85c0d7?
85c0da
In base 5, what is -34 + 10211131?
10211042
In base 5, what is -43232 + -1301410?
-1400142
In base 6, what is -1145244 + -154?
-1145442
In base 12, what is -31a72464 - 5?
-31a72469
In base 7, what is -412050 - -5254?
-403463
In base 16, what is -27 - -417d7?
417b0
In base 13, what is -340c + 370?
-306c
In base 16, what is 221bc + -31?
2218b
In base 12, what is -7521 - 350?
-7871
In base 15, what is 25 + 5ae6d1?
5ae706
In base 13, what is 2 - -27a2440?
27a2442
In base 12, what is 10b81 + 544?
11505
In base 3, what is -1211010 + -2001010?
-10212020
In base 7, what is -264040042 - -11?
-264040031
In base 3, what is 11120002 - 1122010112?
-1110120110
In base 14, what is 9650 - 8d23?
72b
In base 10, what is 10 + 99017984?
99017994
In base 8, what is -373 - -23450?
23055
In base 12, what is -1042815 - 4a?
-1042863
In base 11, what is -13065 - 6716?
-19780
In base 5, what is 3 + 240013301004?
240013301012
In base 4, what is -1030 - 102113103?
-102120133
In base 11, what is 55 + -6a9106?
-6a9061
In base 14, what is 2 + -5b849d?
-5b849b
In base 7, what is 2 + -101532615?
-101532613
In base 16, what is 1342f - f5d?
124d2
In base 16, what is 145394 + -9f?
1452f5
In base 9, what is 2 - 541221?
-541218
In base 13, what is 0 + -649a628?
-649a628
In base 12, what is -38 - 624566?
-6245a2
In base 4, what is -1220221112 - 2?
-1220221120
In base 8, what is 17767574 + -1?
17767573
In base 14, what is 0 + -41b0835?
-41b0835
In base 5, what is 100110 + -121110?
-21000
In base 6, what is -1130 + 4034023?
4032453
In base 9, what is -12340703 - -2?
-12340701
In base 6, what is -311513522 - 11?
-311513533
In base 9, what is 48 + -13787?
-13738
In base 8, what is -136 - 11750?
-12106
In base 7, what is -5132 - -20614?
12452
In base 3, what is -122 - -12001210012111000?
12001210012110101
In base 8, what is 1312 - -104712?
106224
In base 4, what is -101 + -1013210121?
-1013210222
In base 14, what is -446b1d - c?
-446b2b
In base 2, what is 10001 - -100111000000011010110?
100111000000011100111
In base 16, what is -7de16a + 5?
-7de165
In base 5, what is 